hat is the remainder when 143 is divided by 637/35 + ((-12)/j - 1)?
17
Suppose 0 = 4*f + p - 1550, -2*f + 784 = -3*p - p. What is the remainder when f is divided by 65?
63
Suppose -4*s + 3*s = -41. Let l = -68 + 90. Calculate the remainder when s is divided by l.
19
Let a = 22 - 7. Let v = 51 + -19. Let j = v - a. What is the remainder when j is divided by 9?
8
Let u = -100 + 65. Let d = u - -96. Calculate the remainder when d is divided by 9.
7
Suppose 9*v - 12*v - 3*c = -1341, 0 = -3*v + 5*c + 1325. What is the remainder when v is divided by 147?
4
Let a(h) = -3 + h + 3 + 42*h**2 - 2 + h. Let v be a(1). Suppose 0 = 5*o - 102 + v. Calculate the remainder when o is divided by 4.
0
Suppose 3*n - 105 = -2*d, 2*n + n = 4*d - 165. What is the remainder when 183 is divided by (d - -2)/(2*(-2)/(-4))?
42
Let t(x) = 2*x**3 + 7*x**2 - 2*x - 6. What is the remainder when t(2) is divided by 20?
14
Calculate the remainder when (-5 - -3)*3/(-6) - -261 is divided by 33.
31
Let x be 244/12 - 4/(-6). Suppose -9*o - 10 = -4*o. What is the remainder when 0/(-4) + x - o is divided by 12?
11
Let r = -116 - -290. What is the remainder when r is divided by 36?
30
Let l = 8 + 17. Let j = l + -9. What is the remainder when 95 is divided by j?
15
Let g be -5 + 9 + -4 + 2. Let w(z) = -4*z - 3. Let o be w(-2). Suppose g*n - 12 = -4*b, 0*n + n - o*b - 20 = 0. What is the remainder when 18 is divided by n?
8
Suppose -f - 58 = -202. Let v = f - 75. Calculate the remainder when v is divided by 37.
32
Let j(k) = -92*k + 383. What is the remainder when 509 is divided by j(4)?
14
Suppose 3*i + n = 75 - 17, -i + 14 = -n. What is the remainder when 35 is divided by i?
17
Suppose -33 = -12*b + 15. Suppose 0 = b*o - o + 4*r - 85, 0 = -3*o - r + 82. What is the remainder when o is divided by 4?
3
Suppose -4*z + 2*z = q - 55, 2*q = -5*z + 138. Let w(x) = 14*x**2 + x. Let o be w(1). Suppose 0 = -3*n + o + 15. Calculate the remainder when z is divided by n.
8
Suppose 2*a - 196 = 4*l, 3*a + 7*l - 3*l = 274. Suppose 4*h - a = -14. Let g(t) = 2*t**2 + 81*t + 597. Calculate the remainder when g(-8) is divided by h.
17
Let d be (60/14)/(3/14). Suppose 2*p + d = 4*p. Let r = 1 - -5. Calculate the remainder when p is divided by r.
4
Suppose 0 = 5*t + 4*x - 98, -t - 2*x + 10 = 2*x. Let i = -825 + 887. What is the remainder when i is divided by t?
18
Let f(d) = 14*d - 1. Let g = 41 - 37. What is the remainder when f(g) is divided by 8?
7
Let i = 344 + -141. Suppose -5*v - q + i = 0, -4*q = 3*v + q - 113. Suppose -2*s = 4*t - 100, 24 = 3*t - s - v. Calculate the remainder when 67 is divided by t.
21
Suppose 3*d = -0*d + 6. Calculate the remainder when 5 is divided by (9 - 0)*d/9.
1
Let q be (393/15 - -1)*(-5)/(-2). Let j = 95 - q. What is the remainder when j is divided by 12?
3
What is the remainder when (-24 + 29)/(10/796) is divided by 67?
63
Let c(u) = u**2 - 3*u - 17. Let r(l) = l**2 + 16*l + 3. What is the remainder when c(7) is divided by r(-16)?
2
Let l = -260 - -270. Suppose 5*i - 3*w = -21, 2*i + 10 = -2*i - w. Let h(r) = 3*r**2 + 2*r - 4. Calculate the remainder when h(i) is divided by l.
7
Let q = 86 - -12. Let m = q - 50. Suppose 2*b - 4*b = -m. What is the remainder when 69 is divided by b?
21
Let p(u) = u**2 + 18*u + 15. Let r be p(-15). Let o = -25 - r. Calculate the remainder when o is divided by 2.
1
Let u(g) = 2*g + 54. What is the remainder when 61 is divided by u(-16)?
17
Suppose 2*w = 4*n - 140, -w = n - 3*w - 32. What is the remainder when 88 is divided by n?
16
Suppose -6*c + 132 = -3*c. What is the remainder when c is divided by 15?
14
Suppose 0 = 3*t + 2*t + n - 167, -n - 3 = 0. Suppose -2*f = -f - 133. Calculate the remainder when f is divided by t.
31
Suppose -7*m = -5*m - 92. Suppose -3*z - m = -5*z. Suppose z - 2 = 3*w. Calculate the remainder when 11 is divided by w.
4
Suppose 16*c = 14*c + 36. Suppose 0 = 4*t - 6 - c. Suppose 4*d + 96 = 4*f, 2*f - 6*f = 4*d - 80. What is the remainder when f is divided by t?
4
Let v = -212 + 228. Calculate the remainder when 61 is divided by v.
13
Let k(h) = 3*h**2 - 10*h - 19. Suppose -16*v - 15 = -13*v. Calculate the remainder when k(v) is divided by 12.
10
Let l = -111 + 161. Calculate the remainder when 56 is divided by l.
6
Let w(k) = 4*k**2 - 4. Let g(u) = 20*u**3 + u**2 - u + 1. What is the remainder when w(4) is divided by g(1)?
18
Let k = 27 - 59. Let c = -25 - k. Let i(r) = -r**2 + 9*r - 2. Calculate the remainder when 34 is divided by i(c).
10
What is the remainder when ((-41412)/(-56))/(6/4) is divided by 9?
7
Let b = -536 + 788. What is the remainder when b is divided by 64?
60
Let r be 312/(-30)*(210/4)/(-7). Suppose 0 = -25*n + 19*n + r. Suppose 38 = 5*m + 13. What is the remainder when n is divided by m?
3
Suppose -8*k + 1441 = -19*k. Let u = k + 221. What is the remainder when u is divided by 46?
44
Suppose -12 = q - 5*q. Suppose o - 360 = -q*o. Calculate the remainder when o is divided by ((-34)/68)/((-1)/46).
21
Suppose 5*l - s + 21 + 8 = 0, 3*l + s = -19. Calculate the remainder when l/(-3) + (108 - 1) is divided by 28.
25
Suppose -4*i = o - 338, 5*i + 664 = 3*o - 418. Calculate the remainder when o is divided by 121.
112
Calculate the remainder when 39 is divided by ((2 - (10 - 6)) + -91)/(-3).
8
Suppose -82 = -0*a + 2*a - 4*s, 4*a + 4*s = -116. Let f = -22 - a. What is the remainder when 41 is divided by f?
8
Let l(z) = -2*z**3 + 40*z**2 - z + 45. Suppose 0*k - k + 6 = 0. Calculate the remainder when l(20) is divided by ((-14)/k)/((-2)/12).
11
What is the remainder when 11/(-11) - (-3 - 255) is divided by 6?
5
Suppose 5*m - 35 = 10. Suppose 2*b - 8 = 0, -2*z - 4*b = -2*b - 76. What is the remainder when z is divided by m?
7
Suppose 15*b - 10*b - 375 = 0. What is the remainder when 673 is divided by b?
73
Let a(j) = 2*j**2 - 7*j + 1. Let s = 1418 + -1343. Calculate the remainder when s is divided by a(5).
11
Suppose -1650 = -51*l + 900. Calculate the remainder when l is divided by 10.
0
Suppose 5*o + l - 40 = -0*l, -4*o - 2*l = -32. Suppose 2*p = 12 - 2. Calculate the remainder when (p - 11)*5/(-2) is divided by o.
7
Let p = 70 + -72. What is the remainder when 40 is divided by 160/14 + (24/28)/p?
7
Suppose 3*p + 2*g - 117 = 0, g = -5*p + 84 + 104. Calculate the remainder when -1 + -1 + p + -3 is divided by 9.
5
Suppose -8*q + 13*q + 5*v = 55, v - 19 = -2*q. Calculate the remainder when q is divided by 4.
0
Let y(w) be the third derivative of -w**5/60 + 7*w**4/6 - 23*w**3/6 + 6*w**2. Calculate the remainder when (18/1)/2 + 2 is divided by y(27).
3
Suppose w - 8*d + 5*d - 56 = 0, -2*d = -5*w + 215. Calculate the remainder when 262 is divided by w.
16
What is the remainder when 28 is divided by 6 + -2 - (-1)/((-4)/(-16))?
4
Let r(s) = -23*s**3 - 2*s - 1. Suppose 14*p = 830 - 200. Suppose -15*y + p = -14*y. Calculate the remainder when y is divided by r(-1).
21
Let z be -3*10*(-2)/6. Let w = 3 - z. Let h = -4 - w. What is the remainder when 8 is divided by h?
2
Suppose -3*v - 3*k = 2*v + 64, v = 5*k - 24. Let q(a) = -a**2 - 18*a + 12. Calculate the remainder when q(v) is divided by 10.
8
Suppose -11*w + 41*w - 570 = 0. Calculate the remainder when 75 is divided by w.
18
Let j = 28 - 23. Suppose -j*z - s = -31, -z = -4*s - 9 - 14. Calculate the remainder when 33 is divided by z.
5
Let s = 1842 - 1831. Calculate the remainder when 524 is divided by s.
7
Suppose -150 + 592 = 26*s. Calculate the remainder when 19 is divided by s.
2
Let u = -810 + 962. What is the remainder when u is divided by 79?
73
Let t(w) = -w**2 - 22*w - 8. Let q(m) = m**2 + 22*m + 8. Let n(p) = 3*q(p) + 2*t(p). What is the remainder when 14 is divided by n(-22)?
6
Let q(i) = -11*i + 48. Calculate the remainder when q(0) is divided by 3.
0
Suppose -4*u + 4*f + 44 = 0, 2 - 42 = -3*u - 4*f. Suppose -4*m - 22 = -3*t, 0 = -4*m - 0*m - 16. What is the remainder when 3/((-9)/(-57)) + t is divided by u?
9
Let j(k) = 8*k**2 + k. Let u be j(-2). Suppose 0*b = b - u. Calculate the remainder when 87 is divided by b.
27
Let h = 168 + -142. Suppose -190 = -j - 4*j. What is the remainder when j is divided by h?
12
Let w be (3/(-2))/((-3)/140). Suppose 0 = 3*x + 2*f - 13 - w, 2*x - 4*f = 50. Let n(j) = -j + 15. Calculate the remainder when x is divided b